{"id":1379,"date":"2022-02-28T19:52:41","date_gmt":"2022-02-28T18:52:41","guid":{"rendered":"https:\/\/extremeneria.com\/?page_id=1379"},"modified":"2025-03-10T10:07:33","modified_gmt":"2025-03-10T09:07:33","slug":"entrevistas","status":"publish","type":"page","link":"https:\/\/extremeneria.com\/index.php\/quehacemos\/entrevistas\/","title":{"rendered":"La Mesa Camilla"},"content":{"rendered":"\n<div class=\"wp-block-columns is-layout-flex wp-container-core-columns-is-layout-1 wp-block-columns-is-layout-flex\">\n<div class=\"wp-block-column is-layout-flow wp-block-column-is-layout-flow\"><div class=\"wp-block-image\">\n<figure class=\"aligncenter size-large\"><a href=\"https:\/\/extremeneria.com\/index.php\/2021\/10\/29\/entrevista-a-fran-serrano\/\"><img loading=\"lazy\" decoding=\"async\" width=\"1024\" height=\"1024\" src=\"https:\/\/extremeneria.com\/wp-content\/uploads\/2022\/09\/fran-sierra-entrevista-1024x1024.png\" alt=\"\" class=\"wp-image-2855\" srcset=\"https:\/\/extremeneria.com\/wp-content\/uploads\/2022\/09\/fran-sierra-entrevista-1024x1024.png 1024w, https:\/\/extremeneria.com\/wp-content\/uploads\/2022\/09\/fran-sierra-entrevista-300x300.png 300w, https:\/\/extremeneria.com\/wp-content\/uploads\/2022\/09\/fran-sierra-entrevista-150x150.png 150w, https:\/\/extremeneria.com\/wp-content\/uploads\/2022\/09\/fran-sierra-entrevista-768x768.png 768w, https:\/\/extremeneria.com\/wp-content\/uploads\/2022\/09\/fran-sierra-entrevista.png 1080w\" sizes=\"auto, (max-width: 1024px) 100vw, 1024px\" \/><\/a><figcaption class=\"wp-element-caption\"><a href=\"https:\/\/extremeneria.com\/index.php\/2021\/10\/29\/entrevista-a-fran-serrano\/\"> Entrevista a Fran Serrano, autor del libro \u00abLa Raya\u00bb, con motivo de la cumbre Hispano-Lusa.  <br>(28-10-2021) <\/a><\/figcaption><\/figure><\/div><\/div>\n\n\n\n<div class=\"wp-block-column is-layout-flow wp-block-column-is-layout-flow\"><div class=\"wp-block-image\">\n<figure class=\"aligncenter size-large\"><a href=\"https:\/\/extremeneria.com\/index.php\/2022\/09\/27\/entrevista-a-oscec\/\"><img loading=\"lazy\" decoding=\"async\" width=\"1024\" height=\"1024\" src=\"https:\/\/extremeneria.com\/wp-content\/uploads\/2022\/09\/Entrevista-OSCEC-Extremeneria-1024x1024.jpg\" alt=\"\" class=\"wp-image-2840\" srcset=\"https:\/\/extremeneria.com\/wp-content\/uploads\/2022\/09\/Entrevista-OSCEC-Extremeneria-1024x1024.jpg 1024w, https:\/\/extremeneria.com\/wp-content\/uploads\/2022\/09\/Entrevista-OSCEC-Extremeneria-300x300.jpg 300w, https:\/\/extremeneria.com\/wp-content\/uploads\/2022\/09\/Entrevista-OSCEC-Extremeneria-150x150.jpg 150w, https:\/\/extremeneria.com\/wp-content\/uploads\/2022\/09\/Entrevista-OSCEC-Extremeneria-768x768.jpg 768w, https:\/\/extremeneria.com\/wp-content\/uploads\/2022\/09\/Entrevista-OSCEC-Extremeneria.jpg 1080w\" sizes=\"auto, (max-width: 1024px) 100vw, 1024px\" \/><\/a><figcaption class=\"wp-element-caption\"><a href=\"https:\/\/extremeneria.com\/index.php\/2022\/09\/27\/entrevista-a-oscec\/\"> Entrevista a OSCEC con motivo del d\u00eda de las lenguas europeas. <br>(26-09-2022) <\/a><\/figcaption><\/figure><\/div><\/div>\n\n\n\n<div class=\"wp-block-column is-layout-flow wp-block-column-is-layout-flow\"><div class=\"wp-block-image\">\n<figure class=\"aligncenter size-large\"><a href=\"https:\/\/extremeneria.com\/index.php\/2022\/11\/10\/presentacion-del-libro-el-nuevo-iberismo\/\"><img loading=\"lazy\" decoding=\"async\" width=\"1024\" height=\"1024\" src=\"https:\/\/extremeneria.com\/wp-content\/uploads\/2022\/11\/entrevista-nuevo-iberismo-1024x1024.png\" alt=\"\" class=\"wp-image-2994\" srcset=\"https:\/\/extremeneria.com\/wp-content\/uploads\/2022\/11\/entrevista-nuevo-iberismo-1024x1024.png 1024w, https:\/\/extremeneria.com\/wp-content\/uploads\/2022\/11\/entrevista-nuevo-iberismo-300x300.png 300w, https:\/\/extremeneria.com\/wp-content\/uploads\/2022\/11\/entrevista-nuevo-iberismo-150x150.png 150w, https:\/\/extremeneria.com\/wp-content\/uploads\/2022\/11\/entrevista-nuevo-iberismo-768x768.png 768w, https:\/\/extremeneria.com\/wp-content\/uploads\/2022\/11\/entrevista-nuevo-iberismo.png 1080w\" sizes=\"auto, (max-width: 1024px) 100vw, 1024px\" \/><\/a><figcaption class=\"wp-element-caption\"><a href=\"https:\/\/extremeneria.com\/index.php\/2022\/11\/10\/presentacion-del-libro-el-nuevo-iberismo\/\">Entrevista a Pablo Gonz\u00e1lez Velasco, autor del Libro \u00abEl nuevo iberismo\u00bb con motivo de la cumbre Hispano-Lusa. <br>(08-11-2022)<\/a><\/figcaption><\/figure><\/div><\/div>\n<\/div>\n\n\n\n<div class=\"wp-block-columns is-layout-flex wp-container-core-columns-is-layout-2 wp-block-columns-is-layout-flex\">\n<div class=\"wp-block-column is-layout-flow wp-block-column-is-layout-flow\"><div class=\"wp-block-image\">\n<figure class=\"aligncenter size-large\"><a href=\"https:\/\/extremeneria.com\/index.php\/2022\/11\/24\/entrevista-a-mujeres-sembrando\/\"><img loading=\"lazy\" decoding=\"async\" width=\"1024\" height=\"1024\" src=\"https:\/\/extremeneria.com\/wp-content\/uploads\/2022\/11\/Entrevista-Mujeres-sembrando-1024x1024.png\" alt=\"\" class=\"wp-image-3061\" srcset=\"https:\/\/extremeneria.com\/wp-content\/uploads\/2022\/11\/Entrevista-Mujeres-sembrando-1024x1024.png 1024w, https:\/\/extremeneria.com\/wp-content\/uploads\/2022\/11\/Entrevista-Mujeres-sembrando-300x300.png 300w, https:\/\/extremeneria.com\/wp-content\/uploads\/2022\/11\/Entrevista-Mujeres-sembrando-150x150.png 150w, https:\/\/extremeneria.com\/wp-content\/uploads\/2022\/11\/Entrevista-Mujeres-sembrando-768x768.png 768w, https:\/\/extremeneria.com\/wp-content\/uploads\/2022\/11\/Entrevista-Mujeres-sembrando.png 1080w\" sizes=\"auto, (max-width: 1024px) 100vw, 1024px\" \/><\/a><figcaption class=\"wp-element-caption\"><a href=\"https:\/\/extremeneria.com\/index.php\/2022\/11\/24\/entrevista-a-mujeres-sembrando\/\">Entrevista a <em>Mujeres Sembrando<\/em> con motivo del D\u00eda Internacional de la eliminaci\u00f3n de la violencia de g\u00e9nero. <br>(25-11-2022)<\/a><\/figcaption><\/figure><\/div>\n\n\n<p><\/p>\n<\/div>\n\n\n\n<div class=\"wp-block-column is-layout-flow wp-block-column-is-layout-flow\"><div class=\"wp-block-image\">\n<figure class=\"aligncenter size-large\"><a href=\"https:\/\/extremeneria.com\/index.php\/2022\/12\/15\/entrevista-a-juan-garcia-perez-de-club-senior-extremadura\/\"><img loading=\"lazy\" decoding=\"async\" width=\"1024\" height=\"1024\" src=\"https:\/\/extremeneria.com\/wp-content\/uploads\/2022\/12\/Mesa-Camilla-Club-Senior-Extremadura-1024x1024.jpg\" alt=\"\" class=\"wp-image-3083\" srcset=\"https:\/\/extremeneria.com\/wp-content\/uploads\/2022\/12\/Mesa-Camilla-Club-Senior-Extremadura-1024x1024.jpg 1024w, https:\/\/extremeneria.com\/wp-content\/uploads\/2022\/12\/Mesa-Camilla-Club-Senior-Extremadura-300x300.jpg 300w, https:\/\/extremeneria.com\/wp-content\/uploads\/2022\/12\/Mesa-Camilla-Club-Senior-Extremadura-150x150.jpg 150w, https:\/\/extremeneria.com\/wp-content\/uploads\/2022\/12\/Mesa-Camilla-Club-Senior-Extremadura-768x768.jpg 768w, https:\/\/extremeneria.com\/wp-content\/uploads\/2022\/12\/Mesa-Camilla-Club-Senior-Extremadura.jpg 1080w\" sizes=\"auto, (max-width: 1024px) 100vw, 1024px\" \/><\/a><figcaption class=\"wp-element-caption\"><a href=\"https:\/\/extremeneria.com\/index.php\/2022\/12\/15\/entrevista-a-juan-garcia-perez-de-club-senior-extremadura\/\">Di\u00e1logo con Club Senior Extremadura sobre el extreme\u00f1ismo y sus organizaciones. <br>(15-12-2022)<\/a><\/figcaption><\/figure><\/div>\n\n\n<p><\/p>\n\n\n\n<p><\/p>\n\n\n\n<p><\/p>\n\n\n\n<p><\/p>\n<\/div>\n\n\n\n<div class=\"wp-block-column is-layout-flow wp-block-column-is-layout-flow\"><div class=\"wp-block-image\">\n<figure class=\"aligncenter size-large\"><a href=\"https:\/\/extremeneria.com\/index.php\/2023\/03\/07\/mesa-camilla-con-cecilia-zango\/\"><img loading=\"lazy\" decoding=\"async\" width=\"1024\" height=\"1024\" src=\"https:\/\/extremeneria.com\/wp-content\/uploads\/2023\/03\/LA-MESA-CAMILLA-cecilia-zango-8m-1024x1024.png\" alt=\"\" class=\"wp-image-3522\" srcset=\"https:\/\/extremeneria.com\/wp-content\/uploads\/2023\/03\/LA-MESA-CAMILLA-cecilia-zango-8m-1024x1024.png 1024w, https:\/\/extremeneria.com\/wp-content\/uploads\/2023\/03\/LA-MESA-CAMILLA-cecilia-zango-8m-300x300.png 300w, https:\/\/extremeneria.com\/wp-content\/uploads\/2023\/03\/LA-MESA-CAMILLA-cecilia-zango-8m-150x150.png 150w, https:\/\/extremeneria.com\/wp-content\/uploads\/2023\/03\/LA-MESA-CAMILLA-cecilia-zango-8m-768x768.png 768w, https:\/\/extremeneria.com\/wp-content\/uploads\/2023\/03\/LA-MESA-CAMILLA-cecilia-zango-8m.png 1080w\" sizes=\"auto, (max-width: 1024px) 100vw, 1024px\" \/><\/a><figcaption class=\"wp-element-caption\"><a href=\"https:\/\/extremeneria.com\/index.php\/2023\/03\/07\/mesa-camilla-con-cecilia-zango\/\">Entrevista a Cecilia Zango. La mujer en la M\u00fasica. <br>(08-03-2023).<\/a><\/figcaption><\/figure><\/div>\n\n\n<p><\/p>\n\n\n\n<p><\/p>\n<\/div>\n<\/div>\n\n\n\n<div class=\"wp-block-columns is-layout-flex wp-container-core-columns-is-layout-3 wp-block-columns-is-layout-flex\">\n<div class=\"wp-block-column is-layout-flow wp-block-column-is-layout-flow\"><div class=\"wp-block-image\">\n<figure class=\"aligncenter size-large\"><a href=\"https:\/\/extremeneria.com\/index.php\/2023\/04\/12\/mesa-camilla-con-manuel-canada\/\"><img loading=\"lazy\" decoding=\"async\" width=\"1024\" height=\"1024\" src=\"https:\/\/extremeneria.com\/wp-content\/uploads\/2023\/03\/LA-MESA-CAMILLA-Manuel-Canada-1024x1024.png\" alt=\"\" class=\"wp-image-3591\" srcset=\"https:\/\/extremeneria.com\/wp-content\/uploads\/2023\/03\/LA-MESA-CAMILLA-Manuel-Canada-1024x1024.png 1024w, https:\/\/extremeneria.com\/wp-content\/uploads\/2023\/03\/LA-MESA-CAMILLA-Manuel-Canada-300x300.png 300w, https:\/\/extremeneria.com\/wp-content\/uploads\/2023\/03\/LA-MESA-CAMILLA-Manuel-Canada-150x150.png 150w, https:\/\/extremeneria.com\/wp-content\/uploads\/2023\/03\/LA-MESA-CAMILLA-Manuel-Canada-768x768.png 768w, https:\/\/extremeneria.com\/wp-content\/uploads\/2023\/03\/LA-MESA-CAMILLA-Manuel-Canada.png 1080w\" sizes=\"auto, (max-width: 1024px) 100vw, 1024px\" \/><\/a><figcaption class=\"wp-element-caption\"><a href=\"https:\/\/extremeneria.com\/index.php\/2023\/04\/12\/mesa-camilla-con-manuel-canada\/\">Entrevista a Manuel Ca\u00f1ada. El 25 de marzo y la otra Extremadura. <br>(29-03-2023)<\/a><\/figcaption><\/figure><\/div>\n\n\n<p><\/p>\n<\/div>\n\n\n\n<div class=\"wp-block-column is-layout-flow wp-block-column-is-layout-flow\"><div class=\"wp-block-image\">\n<figure class=\"aligncenter size-full\"><img loading=\"lazy\" decoding=\"async\" width=\"800\" height=\"800\" src=\"https:\/\/extremeneria.com\/wp-content\/uploads\/2023\/06\/Oscec-y-Extremeneria-Hogar-Extremeno-Madrid.jpg\" alt=\"\" class=\"wp-image-3826\" srcset=\"https:\/\/extremeneria.com\/wp-content\/uploads\/2023\/06\/Oscec-y-Extremeneria-Hogar-Extremeno-Madrid.jpg 800w, https:\/\/extremeneria.com\/wp-content\/uploads\/2023\/06\/Oscec-y-Extremeneria-Hogar-Extremeno-Madrid-300x300.jpg 300w, https:\/\/extremeneria.com\/wp-content\/uploads\/2023\/06\/Oscec-y-Extremeneria-Hogar-Extremeno-Madrid-150x150.jpg 150w, https:\/\/extremeneria.com\/wp-content\/uploads\/2023\/06\/Oscec-y-Extremeneria-Hogar-Extremeno-Madrid-768x768.jpg 768w\" sizes=\"auto, (max-width: 800px) 100vw, 800px\" \/><figcaption class=\"wp-element-caption\">Encuentro con OSCEC sobre nuestra riqueza ling\u00fc\u00edstica y cultural. <br>(22-06-2023)<\/figcaption><\/figure><\/div><\/div>\n\n\n\n<div class=\"wp-block-column is-layout-flow wp-block-column-is-layout-flow\"><div class=\"wp-block-image\">\n<figure class=\"aligncenter size-large\"><a href=\"https:\/\/extremeneria.com\/index.php\/2023\/04\/19\/mesa-camilla-con-juan-jose-moron\/\"><img loading=\"lazy\" decoding=\"async\" width=\"1024\" height=\"1024\" src=\"https:\/\/extremeneria.com\/wp-content\/uploads\/2023\/04\/Mesa-Camilla-Juan-Moron-Extremadura-1024x1024.jpg\" alt=\"\" class=\"wp-image-3613\" srcset=\"https:\/\/extremeneria.com\/wp-content\/uploads\/2023\/04\/Mesa-Camilla-Juan-Moron-Extremadura-1024x1024.jpg 1024w, https:\/\/extremeneria.com\/wp-content\/uploads\/2023\/04\/Mesa-Camilla-Juan-Moron-Extremadura-300x300.jpg 300w, https:\/\/extremeneria.com\/wp-content\/uploads\/2023\/04\/Mesa-Camilla-Juan-Moron-Extremadura-150x150.jpg 150w, https:\/\/extremeneria.com\/wp-content\/uploads\/2023\/04\/Mesa-Camilla-Juan-Moron-Extremadura-768x768.jpg 768w, https:\/\/extremeneria.com\/wp-content\/uploads\/2023\/04\/Mesa-Camilla-Juan-Moron-Extremadura.jpg 1080w\" sizes=\"auto, (max-width: 1024px) 100vw, 1024px\" \/><\/a><figcaption class=\"wp-element-caption\"><a href=\"https:\/\/extremeneria.com\/index.php\/2023\/04\/19\/mesa-camilla-con-juan-jose-moron\/\">Encuentro con Juan Jos\u00e9 Mor\u00f3n en la presentaci\u00f3n de su libro \u00abExtremadura, \u00bfa d\u00f3nde vas?\u00bb <br>(19-04-2023)<\/a><\/figcaption><\/figure><\/div><\/div>\n<\/div>\n\n\n\n<div class=\"wp-block-columns is-layout-flex wp-container-core-columns-is-layout-4 wp-block-columns-is-layout-flex\">\n<div class=\"wp-block-column is-layout-flow wp-block-column-is-layout-flow\">\n<figure class=\"wp-block-image size-large\"><a href=\"https:\/\/www.youtube.com\/watch?v=dKbf8hJD3lE\"><img loading=\"lazy\" decoding=\"async\" width=\"1024\" height=\"1024\" src=\"https:\/\/extremeneria.com\/wp-content\/uploads\/2023\/10\/Anibal-Martin-Dia-del-Patrimonio-Audiovisual-1024x1024.png\" alt=\"\" class=\"wp-image-3916\" srcset=\"https:\/\/extremeneria.com\/wp-content\/uploads\/2023\/10\/Anibal-Martin-Dia-del-Patrimonio-Audiovisual-1024x1024.png 1024w, https:\/\/extremeneria.com\/wp-content\/uploads\/2023\/10\/Anibal-Martin-Dia-del-Patrimonio-Audiovisual-300x300.png 300w, https:\/\/extremeneria.com\/wp-content\/uploads\/2023\/10\/Anibal-Martin-Dia-del-Patrimonio-Audiovisual-150x150.png 150w, https:\/\/extremeneria.com\/wp-content\/uploads\/2023\/10\/Anibal-Martin-Dia-del-Patrimonio-Audiovisual-768x768.png 768w, https:\/\/extremeneria.com\/wp-content\/uploads\/2023\/10\/Anibal-Martin-Dia-del-Patrimonio-Audiovisual.png 1080w\" sizes=\"auto, (max-width: 1024px) 100vw, 1024px\" \/><\/a><figcaption class=\"wp-element-caption\"><a href=\"https:\/\/www.youtube.com\/watch?v=dKbf8hJD3lE\">Encuentro con An\u00edbal Mart\u00edn en el D\u00eda Mundial del Patrimonio Audiovisual <br>(27-10-2023)<\/a><\/figcaption><\/figure>\n<\/div>\n\n\n\n<div class=\"wp-block-column is-layout-flow wp-block-column-is-layout-flow\">\n<figure class=\"wp-block-image size-large\"><a href=\"https:\/\/youtu.be\/ZoUpTt9QlXg\"><img loading=\"lazy\" decoding=\"async\" width=\"1024\" height=\"1024\" src=\"https:\/\/extremeneria.com\/wp-content\/uploads\/2023\/12\/LA-MESA-CAMILLA-MUJERES-ILUSTRADAS-1-1024x1024.png\" alt=\"\" class=\"wp-image-3970\" srcset=\"https:\/\/extremeneria.com\/wp-content\/uploads\/2023\/12\/LA-MESA-CAMILLA-MUJERES-ILUSTRADAS-1-1024x1024.png 1024w, https:\/\/extremeneria.com\/wp-content\/uploads\/2023\/12\/LA-MESA-CAMILLA-MUJERES-ILUSTRADAS-1-300x300.png 300w, https:\/\/extremeneria.com\/wp-content\/uploads\/2023\/12\/LA-MESA-CAMILLA-MUJERES-ILUSTRADAS-1-150x150.png 150w, https:\/\/extremeneria.com\/wp-content\/uploads\/2023\/12\/LA-MESA-CAMILLA-MUJERES-ILUSTRADAS-1-768x768.png 768w, https:\/\/extremeneria.com\/wp-content\/uploads\/2023\/12\/LA-MESA-CAMILLA-MUJERES-ILUSTRADAS-1.png 1080w\" sizes=\"auto, (max-width: 1024px) 100vw, 1024px\" \/><\/a><figcaption class=\"wp-element-caption\"><a href=\"https:\/\/youtu.be\/ZoUpTt9QlXg\">Encuentro con Silvia P\u00e9rez Sim\u00f3n y David Cercas Ruiz. Mujeres extreme\u00f1as ilustradas <br>(20-12-2023)<\/a><\/figcaption><\/figure>\n<\/div>\n\n\n\n<div class=\"wp-block-column is-layout-flow wp-block-column-is-layout-flow\">\n<figure class=\"wp-block-image size-large\"><a href=\"https:\/\/www.youtube.com\/watch?v=zdKaIGWiAqk\"><img loading=\"lazy\" decoding=\"async\" width=\"1024\" height=\"1024\" src=\"https:\/\/extremeneria.com\/wp-content\/uploads\/2024\/01\/LA-MESA-CAMILLA-1024x1024.png\" alt=\"\" class=\"wp-image-4007\" srcset=\"https:\/\/extremeneria.com\/wp-content\/uploads\/2024\/01\/LA-MESA-CAMILLA-1024x1024.png 1024w, https:\/\/extremeneria.com\/wp-content\/uploads\/2024\/01\/LA-MESA-CAMILLA-300x300.png 300w, https:\/\/extremeneria.com\/wp-content\/uploads\/2024\/01\/LA-MESA-CAMILLA-150x150.png 150w, https:\/\/extremeneria.com\/wp-content\/uploads\/2024\/01\/LA-MESA-CAMILLA-768x768.png 768w, https:\/\/extremeneria.com\/wp-content\/uploads\/2024\/01\/LA-MESA-CAMILLA.png 1080w\" sizes=\"auto, (max-width: 1024px) 100vw, 1024px\" \/><\/a><figcaption class=\"wp-element-caption\"><a href=\"https:\/\/www.youtube.com\/watch?v=zdKaIGWiAqk\">Mesa Camilla junto a las plataformas Salva Tu Tierra y Salvemos la Monta\u00f1a. <br>(01-02-2024)<\/a><\/figcaption><\/figure>\n<\/div>\n<\/div>\n\n\n\n<div class=\"wp-block-columns is-layout-flex wp-container-core-columns-is-layout-5 wp-block-columns-is-layout-flex\">\n<div class=\"wp-block-column is-vertically-aligned-top is-layout-flow wp-block-column-is-layout-flow\"><div class=\"wp-block-image\">\n<figure class=\"aligncenter size-large\"><a href=\"https:\/\/www.youtube.com\/watch?v=BoNZAb4UhsI\"><img loading=\"lazy\" decoding=\"async\" width=\"1024\" height=\"1024\" src=\"https:\/\/extremeneria.com\/wp-content\/uploads\/2025\/02\/Mesa-camilla-25-febrero-1024x1024.jpg\" alt=\"\" class=\"wp-image-4245\" srcset=\"https:\/\/extremeneria.com\/wp-content\/uploads\/2025\/02\/Mesa-camilla-25-febrero-1024x1024.jpg 1024w, https:\/\/extremeneria.com\/wp-content\/uploads\/2025\/02\/Mesa-camilla-25-febrero-300x300.jpg 300w, https:\/\/extremeneria.com\/wp-content\/uploads\/2025\/02\/Mesa-camilla-25-febrero-150x150.jpg 150w, https:\/\/extremeneria.com\/wp-content\/uploads\/2025\/02\/Mesa-camilla-25-febrero-768x768.jpg 768w, https:\/\/extremeneria.com\/wp-content\/uploads\/2025\/02\/Mesa-camilla-25-febrero.jpg 1080w\" sizes=\"auto, (max-width: 1024px) 100vw, 1024px\" \/><\/a><figcaption class=\"wp-element-caption\"><a href=\"https:\/\/www.youtube.com\/watch?v=BoNZAb4UhsI\">Mesa camilla junto a Archivo Democr\u00e1tico Extreme\u00f1o <\/a><br><a href=\"https:\/\/www.youtube.com\/watch?v=BoNZAb4UhsI\">(25-02-2025)<\/a><\/figcaption><\/figure><\/div><\/div>\n\n\n\n<div class=\"wp-block-column is-vertically-aligned-top is-layout-flow wp-block-column-is-layout-flow\"><div class=\"wp-block-image\">\n<figure class=\"aligncenter size-large\"><a href=\"https:\/\/www.youtube.com\/watch?v=R5Pdy9LZj-4\"><img loading=\"lazy\" decoding=\"async\" width=\"1024\" height=\"1024\" src=\"https:\/\/extremeneria.com\/wp-content\/uploads\/2025\/03\/Canchalera-1024x1024.jpg\" alt=\"\" class=\"wp-image-4247\" srcset=\"https:\/\/extremeneria.com\/wp-content\/uploads\/2025\/03\/Canchalera-1024x1024.jpg 1024w, https:\/\/extremeneria.com\/wp-content\/uploads\/2025\/03\/Canchalera-300x300.jpg 300w, https:\/\/extremeneria.com\/wp-content\/uploads\/2025\/03\/Canchalera-150x150.jpg 150w, https:\/\/extremeneria.com\/wp-content\/uploads\/2025\/03\/Canchalera-768x768.jpg 768w, https:\/\/extremeneria.com\/wp-content\/uploads\/2025\/03\/Canchalera.jpg 1080w\" sizes=\"auto, (max-width: 1024px) 100vw, 1024px\" \/><\/a><figcaption class=\"wp-element-caption\"><a href=\"https:\/\/www.youtube.com\/watch?v=R5Pdy9LZj-4\">Messa camilla junto a Canchalera con motivo del 8M D\u00eda Internacional de la Mujer <br>(08-03-2025)<\/a><\/figcaption><\/figure><\/div><\/div>\n\n\n\n<div class=\"wp-block-column is-layout-flow wp-block-column-is-layout-flow\"><\/div>\n<\/div>\n\n\n\n<p><\/p>\n","protected":false},"excerpt":{"rendered":"<p>Entrevista a Fran Serrano, autor del libro \u00abLa Raya\u00bb, con motivo de la cumbre Hispano-Lusa. (28-10-2021) Entrevista a OSCEC con motivo del d\u00eda de las lenguas europeas. (26-09-2022) Entrevista a Pablo Gonz\u00e1lez Velasco, autor del Libro \u00abEl nuevo iberismo\u00bb con motivo de la cumbre Hispano-Lusa. (08-11-2022) Entrevista a Mujeres Sembrando con motivo del D\u00eda Internacional&hellip;<\/p>\n","protected":false},"author":3,"featured_media":0,"parent":57,"menu_order":0,"comment_status":"closed","ping_status":"closed","template":"","meta":[],"class_list":["post-1379","page","type-page","status-publish","hentry","description-off"],"_links":{"self":[{"href":"https:\/\/extremeneria.com\/index.php\/wp-json\/wp\/v2\/pages\/1379","targetHints":{"allow":["GET"]}}],"collection":[{"href":"https:\/\/extremeneria.com\/index.php\/wp-json\/wp\/v2\/pages"}],"about":[{"href":"https:\/\/extremeneria.com\/index.php\/wp-json\/wp\/v2\/types\/page"}],"author":[{"embeddable":true,"href":"https:\/\/extremeneria.com\/index.php\/wp-json\/wp\/v2\/users\/3"}],"replies":[{"embeddable":true,"href":"https:\/\/extremeneria.com\/index.php\/wp-json\/wp\/v2\/comments?post=1379"}],"version-history":[{"count":35,"href":"https:\/\/extremeneria.com\/index.php\/wp-json\/wp\/v2\/pages\/1379\/revisions"}],"predecessor-version":[{"id":4253,"href":"https:\/\/extremeneria.com\/index.php\/wp-json\/wp\/v2\/pages\/1379\/revisions\/4253"}],"up":[{"embeddable":true,"href":"https:\/\/extremeneria.com\/index.php\/wp-json\/wp\/v2\/pages\/57"}],"wp:attachment":[{"href":"https:\/\/extremeneria.com\/index.php\/wp-json\/wp\/v2\/media?parent=1379"}],"curies":[{"name":"wp","href":"https:\/\/api.w.org\/{rel}","templated":true}]}}